s digit of 1051523956?
0
What is the hundred millions digit of 597292232?
5
What is the thousands digit of 7009116420?
6
What is the hundreds digit of 538593218?
2
What is the ten millions digit of 38112818?
3
What is the units digit of 189690440?
0
What is the thousands digit of 66758420?
8
What is the ten thousands digit of 615365260?
6
What is the hundred millions digit of 174104857?
1
What is the thousands digit of 2256742974?
2
What is the hundred thousands digit of 368559820?
5
What is the hundred thousands digit of 115631587?
6
What is the thousands digit of 3926621638?
1
What is the thousands digit of 1126183070?
3
What is the thousands digit of 199787821?
7
What is the units digit of 1165337279?
9
What is the millions digit of 245609752?
5
What is the hundreds digit of 104288389?
3
What is the hundreds digit of 360255996?
9
What is the billions digit of 1772986547?
1
What is the ten millions digit of 97491643?
9
What is the hundred millions digit of 559695153?
5
What is the tens digit of 796705361?
6
What is the thousands digit of 75624226?
4
What is the tens digit of 416702811?
1
What is the tens digit of 644150180?
8
What is the ten thousands digit of 658985661?
8
What is the units digit of 74820530?
0
What is the millions digit of 1060281976?
0
What is the hundred thousands digit of 436640366?
6
What is the units digit of 1185017485?
5
What is the ten millions digit of 496646188?
9
What is the hundred thousands digit of 115419122?
4
What is the thousands digit of 41982867?
2
What is the units digit of 1824227184?
4
What is the thousands digit of 745827390?
7
What is the ten thousands digit of 1424056765?
5
What is the hundred millions digit of 444507144?
4
What is the units digit of 39880395?
5
What is the ten millions digit of 386087261?
8
What is the thousands digit of 7932370?
2
What is the millions digit of 600226561?
0
What is the hundred thousands digit of 50887416?
8
What is the hundred millions digit of 205988576?
2
What is the millions digit of 5456908473?
6
What is the tens digit of 46805242?
4
What is the thousands digit of 35706059?
6
What is the units digit of 394423603?
3
What is the ten thousands digit of 1398554210?
5
What is the billions digit of 3684069391?
3
What is the ten thousands digit of 11373157?
7
What is the ten millions digit of 16229280?
1
What is the hundred millions digit of 887034853?
8
What is the millions digit of 4285951508?
5
What is the hundred thousands digit of 628419723?
4
What is the units digit of 223112022?
2
What is the units digit of 7070453037?
7
What is the units digit of 5013023?
3
What is the ten thousands digit of 255485097?
8
What is the ten thousands digit of 446193225?
9
What is the thousands digit of 264775070?
5
What is the units digit of 1521894007?
7
What is the hundred millions digit of 4196291418?
1
What is the tens digit of 354297675?
7
What is the hundred millions digit of 2825198554?
8
What is the millions digit of 5921686160?
1
What is the tens digit of 69354807?
0
What is the hundreds digit of 50368564?
5
What is the hundreds digit of 26519728?
7
What is the units digit of 1694013996?
6
What is the tens digit of 4858515448?
4
What is the hundred thousands digit of 189601035?
6
What is the ten thousands digit of 46421199?
2
What is the tens digit of 193142871?
7
What is the millions digit of 601602011?
1
What is the thousands digit of 150959503?
9
What is the tens digit of 2542526679?
7
What is the hundred thousands digit of 695125289?
1
What is the units digit of 120383170?
0
What is the ten thousands digit of 483549030?
4
What is the hundreds digit of 436485860?
8
What is the hundred millions digit of 153980113?
1
What is the hundred thousands digit of 161371897?
3
What is the ten millions digit of 602863540?
0
What is the hundred millions digit of 143207862?
1
What is the units digit of 63477057?
7
What is the units digit of 1118834826?
6
What is the thousands digit of 202975836?
5
What is the units digit of 155683362?
2
What is the hundred millions digit of 480223707?
4
What is the ten millions digit of 180585474?
8
What is the millions digit of 8307231418?
7
What is the thousands digit of 1696960756?
0
What is the hundred thousands digit of 154140534?
1
What is the hundred thousands digit of 70069423?
0
What is the millions digit of 424166773?
4
What is the ten millions digit of 125382744?
2
What is the tens digit of 200884321?
2
What is the units digit of 44595692?
2
What is the units digit of 1389642391?
1
What is the hundred millions digit of 256039761?
2
What is the millions digit of 695312528?
5
What is the hundreds digit of 50824972?
9
What is the units digit of 74483708?
8
What is the hundreds digit of 36772173?
1
What is the hundred thousands digit of 457021254?
0
What is the ten millions digit of 521872659?
2
What is the ten thousands digit of 53728719?
2
What is the hundreds digit of 465026273?
2
What is the hundred millions digit of 1418690550?
4
What is the thousands digit of 2290593444?
3
What is the hundred thousands digit of 908444?
9
What is the tens digit of 1182391886?
8
What is the ten millions digit of 343851473?
4
What is the millions digit of 21731787?
1
What is the thousands digit of 790076139?
6
What is the billions digit of 3937775593?
3
What is the hundred millions digit of 176416639?
1
What is the ten thousands digit of 18929485?
2
What is the hundred thousands digit of 42852741?
8
What is the millions digit of 4515025595?
5
What is the hundred thousands digit of 74963269?
9
What is the millions digit of 41812102?
1
What is the millions digit of 82078378?
2
What is the hundred thousands digit of 714369564?
3
What is the tens digit of 2763104125?
2
What is the millions digit of 39826427?
9
What is the units digit of 169838629?
9
What is the units digit of 57675298?
8
What is the tens digit of 2903470554?
5
What is the millions digit of 19685900?
9
What is the ten thousands digit of 133383621?
8
What is the tens digit of 4925428828?
2
What is the units digit of 26494399?
9
What is the tens digit of 356763942?
4
What is the units digit of 4303493420?
0
What is the millions digit of 1191259130?
1
What is the thousands digit of 618611356?
1
What is the units digit of 477689461?
1
What is the millions digit of 72601986?
2
What is the units digit of 858535090?
0
What is the hundred millions digit of 714415126?
7
What is the ten thousands digit of 405475060?
7
What is the hundred millions digit of 224334168?
2
What is the hundred millions digit of 3757364552?
7
What is the hundreds digit of 200657499?
4
What is the billions digit of 1085478784?
1
What is the units digit of 142682492?
2
What is the ten millions digit of 2035267567?
3
What is the ten millions digit of 852797936?
5
What is the tens digit of 49566393?
9
What is the ten thousands digit of 103768440?
6
What is the thousands digit of 1763488990?
8
What is the ten thousands digit of 2958837098?
3
What is the thousands digit of 46893969?
3
What is the hundreds digit of 1296882248?
2
What is the ten thousands digit of 209247408?
4
What is the ten thousands digit of 145940657?
4
What is the millions digit of 47617359?
7
What is the tens digit of 1016036914?
1
What is the hundreds digit of 113130843?
8
What is the thousands digit of 196445540?
5
What is the units digit of 643198546?
6
What is the hundred thousands digit of 7546517584?
5
What is the thousands digit of 230280193?
0
What is the hundreds digit of 77461777?
7
What is the millions digit of 103397892?
3
What is the millions digit of 440642097?
0
What is the ten thousands digit of 127441843?
4
What is the thousands digit of 1621636061?
6
What is the millions digit of 49024673?
9
What is the millions digit of 653633799?
3
What is the ten millions digit of 640814219?
4
What is the hundred thousands digit of 154318697?
3
What is the units digit of 39614718?
8
What is the units digit of 22859294?
4
What is the millions digit of 185412449?
5
What is the ten thousands digit of 108782062?
8
What is the millions digit of 567347095?
7
What is the tens digit of 375024112?
1
What is the hundred thousands digit of 43242069?
2
What is the units digit of 37747261?
1
What is the units digit of 47146378?
8
What is the hundred thousands digit o